f - 1576. Is f a prime number?
False
Suppose -933 + 3276 = -3*u. Let w = -1507 + 1495. Is w/9 + (u/3)/(-1) prime?
False
Suppose -3*d - 4*l + 2885761 = 0, -l + 4802691 = 5*d - 6939. Is d a composite number?
False
Suppose -q - 953 = -5*s, -q + 0*q = 4*s - 766. Suppose 681 = j + s. Suppose -z + j = k, -2*z - 3*k = 2*z - 1961. Is z a prime number?
True
Let v(c) = -98*c + 8. Let q(m) = -1. Suppose 0*w = 2*w + 2. Let z(l) = w*v(l) + 3*q(l). Is z(2) prime?
False
Let f be 191/4 + 9/36. Is 5556 + f/8 + -5 composite?
False
Suppose 0 = 219*y - 179*y - 811320. Is y a prime number?
False
Suppose 2*y - 4*w - 177692 = -2*y, -5*w = -y + 44447. Is y a prime number?
True
Suppose 41*l - 6153 = 38*l. Is (-5*(-3)/15 + 0)*l prime?
False
Let j(p) = -126*p**2 - 9*p - 11. Let m(w) = w**2 + w. Let k(c) = -j(c) - 5*m(c). Is k(-4) a prime number?
True
Let p be -51*12/(-9) + 1. Let g = -2595 + 3743. Let z = g - p. Is z composite?
True
Is (2 - (-409807)/(-2))/(126/12 + -12) a composite number?
False
Let w(a) = 8800*a**2 - 54*a - 247. Is w(-9) prime?
True
Suppose -66100 = -4*v - 2*y - 13752, 4*v - 2*y - 52332 = 0. Is v a composite number?
True
Let g be (-1)/(15/(-10) + (-3)/(-3)). Suppose -g*l + 1001 = 5*p - 2*p, 4*p + 4*l = 1340. Is p a prime number?
True
Let c(v) = 3*v - 7. Let j be c(4). Suppose j*o + 2031 = -9599. Let m = -1289 - o. Is m a composite number?
True
Is 12/((-48)/(-92))*79 composite?
True
Let v(h) = 10*h**2 + 9*h + 13. Let p be v(-5). Suppose 26109 = p*y - 209*y. Is y a composite number?
True
Let v(w) = 5509*w - 6707. Is v(154) a prime number?
False
Suppose 16*s + 4577 = -11103. Is 4 + 259/(-4 + s/(-244)) a prime number?
True
Let n = -2776570 - -3891503. Is n a composite number?
True
Let b(z) = -2814*z - 1093. Is b(-18) composite?
False
Suppose 0 = 7*x - 78*x + 10093506 - 3474247. Is x a prime number?
True
Let g(l) = -9*l**2 - 14*l - 47. Let f be g(-3). Is 80 + f - (-38)/2 composite?
False
Let c = -592 + -192. Let d = 15837 - c. Is d prime?
False
Let v = 798 + -267. Suppose n = 4*n - v. Is n composite?
True
Suppose -2*f - 5264 = -2*d - 31884, -26616 = 2*d + 2*f. Is d/(-7) - 26/91 a composite number?
False
Let m(r) = 65*r**3 - 154*r**2 - 2*r + 20. Is m(11) composite?
True
Suppose 3 = 3*n - 6. Suppose n*k + k = 0. Suppose -5*u = 3*o - 11099, k = -2*u - 2*o - 3*o + 4432. Is u composite?
False
Let d(p) = -3*p + 14. Let q be d(9). Let n = -7 - q. Suppose 0 = 5*b + 5*a - 1800, -1790 = -n*b + b + 5*a. Is b prime?
True
Let y = -346 + 357. Suppose 19*o - y*o - 84232 = 0. Is o a composite number?
False
Let r(x) = 13471*x - 632. Is r(23) a prime number?
False
Let r(v) = 564*v + 925. Is r(31) composite?
True
Suppose 0 = -5*t - 116 + 821. Let z be (t - -3) + 2 - 5. Suppose 2*k - 302 = 3*n + n, 4*n = k - z. Is k a composite number?
True
Suppose -9 = 3*z, 0 = -6*f + 2*f - 3*z + 69587. Is f prime?
False
Suppose -3*l + 5*i + 1143 = -0*l, l - 381 = 5*i. Suppose -l*c + 26747 = -374*c. Is c prime?
True
Let z = -549 + 896. Let s = -162 + z. Is s composite?
True
Let y(c) = -c. Suppose 0*b = -4*b + 24. Let w(t) = -91*t + 19. Let g(n) = b*y(n) - w(n). Is g(6) prime?
True
Let b = -794 - -2186. Suppose -8*c + 7704 + b = 0. Is c a prime number?
False
Let f(y) = 93*y - 7. Let p(a) = -a**2 + 10*a - 12. Let c be p(8). Let x be f(c). Let b = x - -336. Is b a composite number?
False
Suppose 43*v = 51*v - 236048. Is v a prime number?
False
Let z = 274806 - -248095. Is z prime?
False
Suppose 5*b - 98 - 37 = 5*c, 0 = -b + 2*c + 31. Suppose 3*h = 4 + b. Suppose -8*u = -h*u + 4643. Is u a prime number?
True
Let q = -404 - -892. Let u = q + -171. Is u a prime number?
True
Let n(d) = d**2 + 13*d - 51. Let o be n(-18). Is 52/o*(-2 - 295/(-2)) a composite number?
True
Is (-247543)/(17/(-51)*3) prime?
False
Let l(r) = 1568*r**3 - 6*r**2 + 8*r - 13. Is l(5) composite?
True
Let a(s) = -s**3 - 4*s**2 - 2*s - 4. Let m be a(-4). Suppose 2*x + 3*i = 39896, -x + 2*x = -4*i + 19953. Suppose m*b - x = -b. Is b a composite number?
False
Suppose -18*r = -1363 + 337. Is r/(-38)*(-508)/3 composite?
True
Let f(s) = 69*s - 247. Let r be f(18). Is r/20*164 - (-2 + 0) prime?
True
Let x(l) = -53445*l + 2516. Is x(-33) a composite number?
False
Let v(w) = 62729*w - 258. Is v(1) a composite number?
True
Suppose -107 = -3*i - 5*k, -3*k - 39 = -5*i + 128. Let d be (1 - 5) + i + 4977. Suppose -17*g - d = -20*g. Is g composite?
False
Let v(h) = -2*h**3 - 2*h**2 - 157*h + 33. Is v(-20) prime?
False
Let d(x) = -21*x**2 + 4*x + 152463. Is d(0) a prime number?
False
Let t(l) = -8*l - 20. Let j be t(-4). Suppose j*z = 14*z - 1754. Is z composite?
False
Let l(f) = -51081*f - 3. Let x be l(-2). Suppose 0 = 63*m - 72*m + x. Is m composite?
False
Let r(n) = -4*n**2 + 120*n + 17. Suppose 2*w - 22 = 4. Is r(w) a prime number?
False
Let w = 32989 - 282. Is w composite?
False
Let h = 32 + -45. Let k = 5 + h. Is -3*k/6 - -115 prime?
False
Suppose 3 = j + 5*v, -4*v + 8*v - 64 = -3*j. Suppose -1535 = -j*c + 873. Is c a prime number?
False
Let y(w) = 1374*w**2 - 449*w - 52. Is y(-15) composite?
True
Is (260/(-156))/((-5)/24) - -22413 a composite number?
True
Suppose 4*z + s + 1360 = 5*z, 0 = -5*z - 3*s + 6816. Suppose -z + 387 = -5*g. Suppose 2*p = -3*y + g + 952, -2*y = -3*p - 743. Is y prime?
True
Suppose 7*d = -33439 - 560. Let y = 1512 + d. Let z = 5440 + y. Is z a prime number?
False
Let i be ((-31689)/(-14))/9*18/3. Suppose -16*o = i - 3989. Is o composite?
True
Let b(p) be the first derivative of 362*p**2 + 89*p - 50. Is b(11) a prime number?
True
Let i(m) = -305309*m - 808. Is i(-1) a prime number?
True
Let c(x) = 2901*x**2 - 8*x + 24. Is c(-5) a prime number?
False
Is 1046553/7 - (-13 + 190/14) prime?
False
Suppose -5*x = 4*o - 2035, -8*x + 4*o = -10*x + 802. Let t = -358 + x. Is t a prime number?
True
Let q = -2293 + 12071. Is q/(-3)*27/(-18) a prime number?
True
Suppose j = -d - 4 - 1, -4*j = 3*d + 17. Is ((-4)/(-12))/(d/(-85599)) a prime number?
True
Let y(w) = -2*w**2 + 5*w - 3. Let n be y(2). Let i(b) = -60*b**3 + b**2 - 2*b - 2. Let h be i(n). Suppose -k = -5*m + 168, -5*m - 3*k + 95 = -h. Is m composite?
True
Let v be (-144612)/(-20) + 1 - 14/(-35). Suppose 19884 = 4*f + v. Is f a prime number?
True
Is -20 - (-195083 + -8 + 10) composite?
True
Suppose 0 = 4*s + 5*l - 12771, -2*s - l + 6391 = -4*l. Suppose 0 = 8*k - 6*k - s. Is k a prime number?
True
Suppose -13*q + 110128 = -19261. Is q composite?
True
Let o(v) = -v**2 - 13*v + 24. Let c be o(-13). Suppose 4*r + 2*r - c = 0. Is 1 + r + (-624)/(-2) a composite number?
False
Let a(o) = 3*o - 15. Let w be a(-9). Let c = -24 - w. Is (2 - (-1 - -1))*8271/c composite?
False
Suppose 2*x = -5*i + 4*i - 96564 + 404408, -i = 0. Is x composite?
True
Let a = -252 + -1945. Let i = 3766 + a. Is i a prime number?
False
Suppose -90010 = -4*o - 3*s, -98747 + 31232 = -3*o - s. Is o composite?
True
Let a(k) = 3142*k**2 + 28*k - 49. Is a(-5) prime?
False
Suppose d - 5760 = 5*t - 891, 4*t = 2*d - 3894. Let b = t + 1515. Is b a composite number?
False
Let o be (-3 - (4 + -2 + -6)) + -1. Suppose 5142 = 2*d + i + 3*i, -3*d + i + 7685 = o. Is d a composite number?
True
Suppose 17236 - 4056 = -4*d. Let c = 5833 + d. Suppose 5*f = -3*t - 2*t + 3165, -4*f = t - c. Is f prime?
False
Let d = 22 + -36. Let y(f) be the first derivative of -f**4/4 - 13*f**3/3 - 2*f**2 - f - 55. Is y(d) a prime number?
True
Suppose -2*c + 8 = -2*t + 5*t, -c + 4 = -5*t. Suppose 21 = q - c*d, 13*q = 11*q + d + 21. Let u(o) = 3*o**3 + o**2 - 11*o + 14. Is u(q) a prime number?
False
Let k(i) = -2*i - 2. Let q be k(-1). Let p be -7 + -64008 + 0 + q. Is p/(-85) - 4/34 a prime number?
False
Let w = 463 - 461. Suppose 4*y = 4, w*c = 3*y - y + 17804. Is c a composite number?
True
Suppose -2*n + 2*s + 632494 = 0, -5*n - 14*s + 1581277 = -12*s. Is n prime?
False
Let y(p) = p**2 + 23*p + 5. Let t be y(0). Suppose -2*q = -t*r + 46015, -8*r + 5*r + q = -27608. Is r a composite number?
True
Let b = -13 - -19. Let a(c) be the second derivative of 3*c**5/20 - 7*c**4/12 + 5*c**3/3 + c**2/2 - 9*c - 6. Is a(b) prime?
True
Suppose -2*q + 6*q + 4*u - 115180 = 0, 0 = -6*q + 4*u + 172710. Is q a composite number?
False
Let i(z) = 1. Let a(u) = -3*u + 2. Let g(q) = -a(q) + i(q). Let o be g(2). Let p = 19 - o. Is p a prime number?
False
Suppose